 v(-13).
68
Let p(i) = i**3 + 11*i - 14*i + 0*i + 2*i**2 - 6. Let u(n) = -6*n - 1. What is the remainder when p(3) is divided by u(-2)?
8
What is the remainder when 7 - (-7 + 1062/(-6)) is divided by 32?
31
Let x = 124 + -140. Let j = x + 21. Calculate the remainder when j is divided by 2.
1
Suppose -5*n = 2*b - 22, 0 = -4*n + 5*b + 2 + 9. Calculate the remainder when 663 is divided by n.
3
Let s(y) = -y**3 - 3*y**2 + y. Calculate the remainder when 37 + -6 + 2 + (-19)/(-19) is divided by s(-4).
10
Let a(l) = 449*l - 34. What is the remainder when a(1) is divided by 22?
19
Suppose 0 = -g - 5*u + 4 + 10, -3*u - 96 = -3*g. What is the remainder when 115 is divided by g?
28
Let o(n) = 2*n**2 - n. Let a be o(-1). Let m = -48 - -51. Suppose m = a*v, 5*d - 2*v - 48 = -0*v. Calculate the remainder when 49 is divided by d.
9
What is the remainder when 723 is divided by 15/(-55) + (-1725)/(-33)?
47
Let b(x) be the third derivative of 4*x**5/15 + x**4/12 + x**3/2 - 3*x**2. Let t = 171 - 173. What is the remainder when b(t) is divided by 22?
19
Let w be ((-36)/15)/((-14)/35). Suppose 0*u = w*u - 192. Calculate the remainder when u is divided by 5.
2
Let t(q) = q**2 - 6*q - 6. Let a be t(8). Suppose 0*u - 5*u + a = 0, -4*u = -3*x + 34. Suppose w - 1 = 26. Calculate the remainder when w is divided by x.
13
Let g be -6*(-1 + (-125)/15). Let q = g + -19. What is the remainder when 110 is divided by q?
36
Let o be 3/(374/186 + -2). Let z = -122 + o. Calculate the remainder when z is divided by 40.
37
Suppose w = 4*c - 1, -c = 2*w - 10 - 15. What is the remainder when 636 is divided by w?
9
Let y(c) = 34*c + 1. Suppose 33 + 1 = 3*o - 4*l, o - 43 = -5*l. Calculate the remainder when y(2) is divided by o.
15
Suppose 4*d - 4*m = 1112, 1389 = 3*d + 2*d - 4*m. Calculate the remainder when d is divided by 35.
32
Suppose k + 3*j + 201 = 4*k, 283 = 4*k + j. Suppose 0 = 3*h - k - 32. Calculate the remainder when (-5 - -4)/(4/(-14))*(-800)/(-28) is divided by h.
32
Let x(f) = 2*f**2 + 4*f + 14. Calculate the remainder when 473 is divided by x(0).
11
Let h = -208 + 243. What is the remainder when h is divided by 13?
9
Let n be 2/(-14) + 13632/21. Suppose n - 81 = 8*c. What is the remainder when c is divided by 18?
17
Suppose -3*z + 665 = k, k - 204 - 466 = -2*z. Suppose 17*m - 13*m - k = 0. What is the remainder when m is divided by 43?
41
Let l be ((-18)/(-21))/((-3)/(-21)). Suppose l*d - 39 = 3*d. Suppose 0*g = -4*g + 20. What is the remainder when d is divided by g?
3
Let p be 6/(-4)*4/(-3). Suppose 61*w - 75*w + 112 = 0. What is the remainder when p*(13 - (2 + 0)) is divided by w?
6
Let g = -189 - -291. Suppose 30 = v + s, 4*v - g = -5*s + 7*s. Calculate the remainder when v is divided by (-14)/(-6)*(-2 + 5).
6
Suppose s + 10 - 6 = 0, 0 = 3*g + s - 83. Calculate the remainder when 112 is divided by g.
25
Let s be (-24)/(-40)*(-6 + 1). What is the remainder when 17 is divided by 3 + ((-7)/s - 2)*3?
1
Let q(h) = -h**3 + 10*h**2 - 4*h - 22. Let a be q(9). Suppose -18*d = -a*d + 265. What is the remainder when d is divided by 18?
17
Let t be (-1)/(9/(-12)) - 76/(-6). Suppose -135 = -23*q + t*q. What is the remainder when q is divided by 9?
6
What is the remainder when 173 is divided by 3/72*6*56?
5
Suppose -70 = 6*r - 856. Calculate the remainder when r is divided by 34.
29
Let n = 99 - 43. Suppose -121 = -4*i + 5*m, -2*i + 4*m = -0*m - n. Calculate the remainder when 98 is divided by i.
30
Suppose 200 = 4*c - 100. Let d(k) = 2*k**2 - k - 40. Calculate the remainder when c is divided by d(6).
23
Let w(n) = 3*n + 117. Calculate the remainder when w(17) is divided by 89.
79
Let j(l) = 3*l - 31. Let i be j(10). Let o(w) = 32*w**2 - 2*w. Calculate the remainder when o(i) is divided by 13.
8
Suppose -r + 22 = 4*n, 2*r = -2*r + n + 37. Let f = r - 4. Suppose 0*a - 4*a = -16. What is the remainder when f is divided by a?
2
Suppose -16 = -j - 5*q, -27 = -2*j - 5*q - 5. Suppose -t - 13 = -3*k, 5*k - 2*t = 17 + 6. What is the remainder when j is divided by k?
0
Suppose -2*o + 5*o + 37 = 2*j, 2*j + 5*o = -3. Let y = 86 - 67. Calculate the remainder when y is divided by j.
8
Suppose -12*z = -2122 - 2606. Calculate the remainder when z is divided by 135.
124
Let d(s) = 875*s**3 - s**2 - s + 2. Let m be d(1). Suppose -3*q - m + 66 = -5*z, -q + 317 = 2*z. Calculate the remainder when z is divided by 41.
37
Let c(j) = -j**3 + 2*j**2 + 5*j - 3. Let z be c(3). Suppose 5*s - z = 7. Suppose -s*p + 123 = p. Calculate the remainder when p is divided by 14.
13
Let f = -235 - -243. Calculate the remainder when f is divided by 1.
0
Let v be (12/(-8))/((21/(-40))/7). Let p = 60 + v. Calculate the remainder when p is divided by 27.
26
Suppose 2*w = -3*w + 4*h + 368, 3*w + 4*h - 208 = 0. What is the remainder when 215 is divided by w?
71
Let m(l) = -l**2 + 9*l + 33. Let a(g) = -1. Let p(s) = -6*a(s) - m(s). Suppose -3*q - 15 = -48. What is the remainder when p(14) is divided by q?
10
What is the remainder when 15 is divided by ((-66)/(-77))/((-6)/(-56))?
7
Suppose -4*x + 15*x - 2739 = 0. What is the remainder when x is divided by 10?
9
Let v = 13 + -7. What is the remainder when 32 is divided by (v + -2)*5/4?
2
Let w = -23 - -20. What is the remainder when 12*(2 - (w/(-2) - 3)) is divided by 11?
9
Suppose 85 + 50 = 5*y. Let f = y - 18. What is the remainder when 42 is divided by f?
6
Suppose 0 = h - 5*t - 299, 4*t - 978 - 122 = -4*h. What is the remainder when h is divided by 40?
39
Let l(a) = -2*a - 2. Let w be l(5). Let s(g) = -g**2 - 13*g + 42. What is the remainder when s(w) is divided by 14?
12
Let v be 2/(-12) - (-2)/12. Suppose 3 - 2 = i. Let z = i - v. What is the remainder when 1 is divided by z?
0
Let g be (-3)/(-6)*-4 - -182. Suppose 4*r = -r - g. Let h = r + 59. Calculate the remainder when 68 is divided by h.
22
Suppose 42 + 18 = -2*k. Let h = k + 33. Suppose 0*t = h*t - 201. Calculate the remainder when t is divided by 14.
11
Let m(b) = 22*b**3 - b**2 + 7*b - 6. What is the remainder when m(2) is divided by 54?
18
Let g be (-12 - 4)/(-4) - -26. Suppose 6*w - w = g. Suppose 75 = w*d - d. What is the remainder when 42 is divided by d?
12
Suppose 4 = -n + 44. Suppose v + 4*c = 14, -2*c - c = 5*v - 70. What is the remainder when n is divided by v?
12
Suppose -q - 2*m = -6, 3*m + 4 = -5*q + 34. Suppose 10 = g - q. Suppose 0 = j + 4*j - 225. What is the remainder when j is divided by g?
13
Let z = 34 - 19. Let o = 28 - z. What is the remainder when 50 is divided by o?
11
Calculate the remainder when (-89)/267*-3*281 is divided by 11.
6
Calculate the remainder when 460 is divided by (-18)/(-15) + (-9639)/(-105).
88
What is the remainder when 322 is divided by 35 - -8*15/(-24)?
22
Suppose -5*f + 610 = -n, 0*n + n - 128 = -f. Calculate the remainder when f is divided by 2*(-1 - 1)*(-119)/34.
11
Let v be (-2*1/2)/(-1)*2. Suppose 5*a - v*g - 38 = g, -3 = 3*g. Calculate the remainder when a is divided by 1.
0
Let f(a) = a - 13. Let t be f(-21). Let i = 44 + t. Calculate the remainder when 48 is divided by i.
8
Suppose -3*s - 2*w + 29 = -4*w, -28 = -s - 3*w. What is the remainder when 998 is divided by s?
10
Let k be (-7)/(14/(-16))*2. Suppose 0 = 2*d - k - 10. What is the remainder when 37 is divided by d?
11
Suppose -2436 = -12*q - 46*q. Calculate the remainder when 247 is divided by q.
37
Suppose -q - 69 = -2*c, -4*c - 542*q + 537*q = -173. Calculate the remainder when 177 is divided by c.
29
Suppose g + 4*g - 100 = 0. Suppose 0 = 11*a - 207 - 46. Calculate the remainder when a is divided by (90/(-25))/((-6)/g).
11
Suppose -5*t = -15, 7*n - 2*t - 130 = 3*n. Suppose 40 = 12*a - 4*a. Suppose -a = -d + 4. Calculate the remainder when n is divided by d.
7
Suppose -m - 4*d = -40, -2*d = m - 6*d - 8. Calculate the remainder when (-8)/m + 462/9 is divided by 28.
23
Let o(q) = 54 + 5*q - 5*q - 37 - q. Suppose -4*y + 140 = y. Calculate the remainder when y is divided by o(7).
8
Let g = -493 + 1009. What is the remainder when g is divided by 25?
16
Let m = 106 - 69. Let j = -12 + m. Calculate the remainder when 72 is divided by j.
22
Let w = 81 + -51. Let q(t) = t**3 + 16*t**2 + 7*t - 3. Calculate the remainder when q(-15) is divided by w.
27
Let w(p) = 119*p**2 + 4*p - 5. Let s be w(1). Let u = s +